 be (-60)/(-2) + (-5)/10*6. Calculate the highest common factor of 81 and t.
27
Let n(q) = q. Let k be n(0). Let x(i) = -i - 6 + k*i + 3*i. Let h be x(6). What is the greatest common factor of h and 66?
6
Let n(i) = -i**3 - 17*i**2 + 17*i - 16. Let l be n(-18). Calculate the greatest common divisor of l and 16.
2
Suppose 2*s - 40 = -3*g, -40 = -2*g - 2*s - 2*s. Suppose -g*c = -5*c - 80. Calculate the highest common factor of c and 40.
8
Let b = 0 - -4. Let q = 6 - b. Suppose 5*x - 2*v = 216, q*x = 4*x - 5*v - 78. What is the highest common factor of 4 and x?
4
Suppose 17 = -5*u + 57. Suppose -3*m = -u*m + 175. What is the highest common divisor of 5 and m?
5
Let i(z) = -z**3 - z**2 + z + 20. Let n be i(0). What is the highest common factor of 70 and n?
10
Let g = 22 - 18. Suppose 96 = g*t - 2*t. What is the highest common factor of t and 6?
6
Suppose 5*t = r + 117, -t + 26 + 7 = 3*r. Suppose 0 = 9*a - 262 - 62. Calculate the greatest common factor of t and a.
12
Suppose 0 = 3*x - 5*c - 86, 0 = -2*x - 2*c + 13 + 23. Suppose x = 2*i - 2*g, -i + 21 = -5*g - 2. Calculate the highest common divisor of i and 56.
8
Suppose 0 = r - 3 - 2, s - 4*r = 97. Calculate the greatest common factor of 13 and s.
13
Let x be (130/12)/(-13)*-6. What is the highest common factor of 40 and x?
5
Suppose s + x - 23 = 0, 12 = 4*x - x. What is the greatest common factor of s and 76?
19
Suppose -4*h - 22 - 28 = 2*x, 29 = -2*h - 5*x. Let z = h + 28. Calculate the greatest common factor of 2 and z.
2
Let y(z) = -z + 7. Let o be y(5). Suppose 5*t - o*j - 60 = -20, 2*t - j = 17. Let u = 300 - 270. What is the greatest common factor of t and u?
6
Let m(q) = 2*q + 9. Let b be m(-4). Calculate the greatest common divisor of b and 1.
1
Let o = 15 - 4. What is the highest common divisor of 11 and o?
11
Suppose -5*p = -20, -4*c + 3*p = -p - 60. What is the highest common divisor of c and 209?
19
Let w be ((-260)/(-8) - 0)*(-4)/(-5). Calculate the greatest common factor of 130 and w.
26
Suppose 0*d = -2*d + 154. Suppose 3 = i - 6. Let t(p) = p**2 - 7*p - 11. Let o be t(i). What is the highest common divisor of o and d?
7
Let f = 75 + -33. What is the highest common factor of 14 and f?
14
Let h be 1/5 - 28/(-10). Suppose -h*m - 130 = -5*m. Calculate the greatest common factor of 26 and m.
13
Let p(m) = -m**3 + 5*m**2 - 4*m + 5. Let v be p(4). Suppose -4*c = -3*x - x - 56, v*c + 3*x = 78. Calculate the greatest common divisor of 5 and c.
5
Let z(j) = -j**2 + 3 + 7*j**2 - 8*j**3 + 0 + 7*j**3 + 2*j. Let u be z(6). Let r be ((-1050)/(-4))/(-5)*-2. Calculate the highest common divisor of u and r.
15
Let f = -50 - -105. Suppose f = -0*a + 5*a. What is the highest common divisor of 88 and a?
11
Suppose i - 12 = 3*k - 4, 9 = 2*i + k. Let c(r) = r**2 - 4*r. Let g be c(i). Suppose -86 = -4*y + 134. Calculate the greatest common factor of y and g.
5
Let h(o) = -o - 7. Let w be h(-8). What is the highest common divisor of w and 10?
1
Suppose t + 3 = 2*t - 4*h, 4*t - 5*h - 34 = 0. Suppose 5*m = -v - 4*v + 30, 2*m - 27 = v. What is the greatest common divisor of t and m?
11
Let g = 38 - 11. Calculate the highest common divisor of g and 18.
9
Let u(z) = z**2 + 6*z + 4. Let t be u(-5). Let j be 2/t*5*-1. Calculate the highest common divisor of 80 and j.
10
Let w be 70/2 + (0 - 2). Suppose 3*f = -y + 30, -5*f + 0*f + 40 = 5*y. Calculate the greatest common factor of f and w.
11
Let g(m) = m**3 + 5*m**2 + m + 6. Let p be g(5). Let r be p/15 - 2/5. Let c(j) = 3*j**2 + 6. Let y be c(-7). What is the greatest common factor of y and r?
17
Suppose 2*k + 5 = 3*k, t + 2*k = 65. What is the greatest common factor of 5 and t?
5
Suppose -236 = -4*m + f, -2*m + 284 = 3*m - 4*f. Suppose -5*s - 25 = -4*a - 113, -2*s - 4*a = -52. Calculate the highest common divisor of m and s.
20
Let m = 32 + -25. What is the highest common factor of m and 7?
7
Let x be -1 + 8 - (2 + -3). Let t(n) = n**3 - 7*n**2 - 11*n + 5. Let f be t(x). Let r = 35 + f. What is the greatest common divisor of r and 112?
16
Let t be -1 + (-53)/(-5) + 16/40. Calculate the greatest common divisor of t and 15.
5
Let v = -3 + -12. Let w = 17 + v. Let o(g) = -3*g - 5. Let r be o(-5). What is the greatest common divisor of w and r?
2
Let k(q) = -q**3 - 2*q**2 + 2*q - 2. Let i be k(-3). Let f be i/1*(-6 - -11). Suppose w = f*w - 420. Calculate the greatest common factor of w and 15.
15
Suppose -435 = -4*o - 5*p, 0 = o + 4*o + 2*p - 531. Let s be (1/(-3))/((-5)/o). What is the greatest common divisor of s and 14?
7
Let c = -3 - -35. Let s be ((-42)/(-35))/(((-15)/400)/(-1)). What is the highest common divisor of s and c?
32
Let i be 7/(5/(12*5)). What is the greatest common factor of i and 42?
42
Suppose -2*g + 11 = 3. Let c = 1 + g. What is the highest common divisor of 5 and c?
5
Let q(c) = c**3 + 18*c**2 + 16*c - 13. Let v be q(-17). Suppose 3*b + 2*y = y + 110, b - v*y = 28. What is the greatest common factor of 12 and b?
12
Let r(x) = 3*x**3 + x**2 + 4*x - 4. Let o be r(3). Let s = 163 - o. What is the greatest common divisor of 26 and s?
13
Suppose 3 = f - 1. What is the highest common factor of 2 and f?
2
Let f be 4/6 + (-10)/15 - -136. Suppose -3*u - 39 = -3*z, z + 3*z - 60 = 2*u. What is the highest common divisor of f and z?
17
Suppose 3*l = -j + 52, 3*j - 56 = -3*l + 94. What is the highest common divisor of j and 343?
49
Suppose -l - 3 + 43 = 0. Calculate the highest common factor of l and 5.
5
Let x = -7 + 11. Suppose -z + 4*i = 10 + 10, x*z + i = -80. Let d = z - -29. What is the highest common factor of d and 36?
9
Let f(s) = -s**2 + 11*s - 18. Let k be f(8). Let q(x) = -x**2 + x + 6. Let a be q(0). What is the highest common factor of a and k?
6
Suppose -4*i + 72 = -0*i. Let x(q) = -5*q - 1. Let v(p) = -4*p - 1. Let z(s) = 4*v(s) - 3*x(s). Let f be z(-4). Calculate the highest common factor of f and i.
3
Suppose -16 = -h - c - 0, 3*c = 15. Suppose -w = -4 - h. What is the highest common factor of 15 and w?
15
Let r(l) be the third derivative of l**6/120 + l**5/20 + l**3/6 - 2*l**2. Let j be r(-3). Calculate the greatest common divisor of 9 and j.
1
Let l be -3*3/((-36)/28). Calculate the greatest common factor of l and 35.
7
Let w(z) = z - 2. Let q be w(2). Suppose q = 3*t - 48. Suppose 0*u - 384 = -3*u. What is the greatest common factor of u and t?
16
Let d be (6/4)/(5/(-10)). Let k be 2 + (23 - (0 + d)). Let y = -12 + k. What is the highest common divisor of 32 and y?
16
Let x = 23 - -18. Calculate the greatest common factor of x and 41.
41
Let w be (-46)/(-3) - 14/(-21). Calculate the highest common divisor of w and 64.
16
Let d be 2/1 + 0 + -3. Let q(g) = 6*g**2. Let n be q(d). Suppose -3*v = w - 9, -2*w - 3*v - 3 + 15 = 0. Calculate the greatest common divisor of n and w.
3
Let o = 124 - -90. Let x = o - 115. Calculate the greatest common divisor of 9 and x.
9
Let i be 16/(-4) + 10*3. What is the greatest common divisor of 182 and i?
26
Suppose 22 = q - 4*k, 3*k - 5*k = 3*q - 10. Suppose 35 = -3*j + 71. What is the greatest common divisor of j and q?
6
Let u(y) = 16*y - 3. Let g be u(14). What is the greatest common factor of 17 and g?
17
Suppose 10*d - 93 = -33. Calculate the greatest common divisor of d and 8.
2
Suppose 0*x = -5*x + 30. Suppose -x = -3*u - 3. Calculate the highest common divisor of 7 and u.
1
Let f(k) = -73*k**3 - k**2 + k + 1. Let u be f(-1). What is the greatest common factor of u and 9?
9
Let i(x) = 6*x + 21. Let p be i(10). What is the greatest common factor of 9 and p?
9
Suppose -2*p + 124 = 2*h, 4*p + 13 = -2*h + 257. Let r be (p/35)/(6/189). What is the greatest common divisor of r and 6?
6
Suppose 15*d - 11*d = 12. Suppose 4*t + 2*z - 30 = 0, -3*t - 2*z - d*z + 26 = 0. Suppose 3*k = 223 - 55. Calculate the greatest common factor of t and k.
7
Let z(i) = -i + 24. Let t be z(-24). What is the highest common divisor of 36 and t?
12
Let x be 6/((-2 - -2) + 2). Suppose -4*y + x = -1. Let u = 5 + y. What is the highest common divisor of 18 and u?
6
Suppose 5*z = -0*z + 15, -3*z = -4*b + 11. Calculate the greatest common factor of b and 55.
5
Suppose -5*n + 19 = -k, 3*n + 2*k = -k - 3. Suppose -3*o - n = 3. Let q be (-3)/2*(o - 2). Calculate the highest common factor of q and 42.
6
Let p = -157 - -27. Let z 